) to base 10.
117859
Convert -dd9b1 (base 15) to base 9.
-1282864
What is -175816 (base 11) in base 5?
-32134203
-bc312 (base 13) to base 10
-341057
Convert 55156 (base 7) to base 11.
a415
-3213220133 (base 4) to base 13
-272b01
What is 2b510d (base 15) in base 11?
11aa33a
Convert -259123 (base 12) to base 3.
-1011100110100
What is -2740705 (base 10) in base 15?
-3920da
-2b602 (base 15) to base 5
-13432402
What is 30400120 (base 5) in base 9?
415624
-1237146 (base 8) to base 2
-1010011111001100110
Convert 103380 (base 9) to base 16.
f06f
-2222012202022 (base 3) to base 16
-181751
Convert -42a07 (base 12) to base 4.
-111130213
-1936327 (base 10) to base 14
-385931
What is -10100001111000000 (base 2) in base 7?
-463430
Convert 354625 (base 9) to base 14.
57a93
1c8431 (base 16) to base 15
26daee
What is 11200212012100 (base 3) in base 15?
344c99
Convert -55343 (base 13) to base 4.
-211223300
111201200220222 (base 3) to base 7
116006420
Convert -171064 (base 13) to base 3.
-1002010200201
What is 60838 (base 9) in base 2?
1001110001110001
Convert 17a900 (base 12) to base 16.
64b90
What is 320016 (base 8) in base 11?
73028
What is -101001001000101000100100 (base 2) in base 4?
-221020220210
What is -11441341 (base 5) in base 11?
-74965
Convert -22113132100 (base 4) to base 15.
-38a324
Convert -22102021002102 (base 3) to base 14.
-84626d
Convert -496037 (base 13) to base 14.
-339a53
Convert 185223 (base 9) to base 10.
115365
-1010211020010 (base 3) to base 14
-11b153
What is -188707 (base 9) in base 2?
-11100110010110111
Convert 77859 (base 13) to base 9.
360263
Convert -12100001 (base 3) to base 9.
-5301
-10002000111 (base 4) to base 8
-4020025
Convert -81095 (base 13) to base 10.
-230807
1051257 (base 11) to base 12
750629
Convert 101101000110001111 (base 2) to base 7.
1366353
What is 22302021111 (base 4) in base 5?
1210424322
1232322232 (base 4) to base 15
8e92d
Convert -11111212120 (base 3) to base 16.
-15b0d
Convert 326457b (base 12) to base 7.
144331436
What is 2100116 (base 7) in base 4?
331210013
What is -16a2b1 (base 13) in base 11?
-356638
12103343 (base 5) to base 4
123211031
What is -23c86 (base 16) in base 8?
-436206
2b8b97 (base 12) to base 2
10110100111110100011
37b46 (base 14) to base 12
67116
Convert 81501 (base 12) to base 13.
5b810
What is 2152b9 (base 15) in base 3?
2222121210010
What is 101001010110010010101 (base 2) in base 13?
385922
What is -2536b (base 12) in base 16?
-c5c3
135106 (base 7) to base 12
12b04
What is -1689b82 (base 13) in base 16?
-6f7659
-2330303 (base 4) to base 8
-27463
Convert 1021474 (base 13) to base 16.
4a9173
1160046 (base 7) to base 16
245a0
What is 51414266 (base 7) in base 8?
20333117
-52223 (base 11) to base 7
-434652
What is 11113030201 (base 4) in base 12?
579601
What is -3a5257 (base 11) in base 16?
-9b66a
-235012444 (base 6) to base 15
-5c8c9a
What is -443050554 (base 6) in base 8?
-36353346
2000202020212 (base 3) to base 10
1077647
1011011110010111 (base 2) to base 14
131b1
What is -123143 (base 7) in base 3?
-1011011102
What is -3169212 (base 12) in base 9?
-18525665
Convert -17bbcb (base 14) to base 10.
-839255
331231033 (base 4) to base 16
3db4f
512152 (base 6) to base 2
1001111011100100
What is 40101210 (base 5) in base 14?
83137
What is 1a6ec8 (base 15) in base 12?
5220a5
Convert d3a07 (base 15) to base 4.
2203230223
What is 12022323011 (base 4) in base 2?
110001010111011000101
Convert 614c9 (base 13) to base 10.
174404
What is -1232540 (base 7) in base 8?
-467301
1124 (base 9) to base 15
3a7
What is -467663 (base 8) in base 2?
-100110111110110011
-466390 (base 13) to base 16
-197cc8
Convert -6c4c7 (base 13) to base 2.
-110000011110101001
34c59b (base 16) to base 9
6451102
3b73e (base 15) to base 11
120254
-111011101000000010 (base 2) to base 8
-735002
2164766 (base 8) to base 6
20304314
1861a (base 14) to base 3
10010110022
What is 17200370 (base 8) in base 15?
53e899
What is -8c745 (base 14) in base 7?
-2622115
Convert -737766 (base 11) to base 3.
-2020000201212
What is 197779 (base 15) in base 4?
10232303322
-93476 (base 10) to base 3
-11202020002
Convert 1001011100011100010100 (base 2) to base 9.
4583134
Convert 13372527 (base 8) to base 15.
3e7652
-4430520 (base 6) to base 5
-24044213
What is 111000220132 (base 4) in base 13?
11aab58
4b35cb (base 13) to base 14
350718
Convert 1b365e (base 15) to base 3.
2111110102022
Convert -1010100001 (base 2) to base 6.
-3041
Convert 10111010100000000111 (base 2) to base 15.
101526
Convert -352502 (base 6) to base 11.
-20947
Convert 29ba09a (base 12) to base 6.
501132314
What is 6172488 (base 9) in base 14?
61ad9a
What is -1313440 (base 6) in base 4?
-101212200
10223535 (base 6) to base 14
7ad23
Convert b70600 (base 12) to base 16.
2bfe60
Convert b20797 (base 13) to base 12.
1479450
What is 3232633 (base 7) in base 12?
170554
What is -323212030 (base 4) in base 13?
-87157
42a3143 (base 12) to base 6
1131120523
Convert -122642 (base 15) to base 3.
-1122010202022
What is -1010100110101000000 (base 2) in base 13?
-c21c5
393d3 (base 15) to base 13
65475
Convert 27c50 (base 13) to base 10.
74594
Convert 8065733 (base 10) to base 12.
284b805
What is -1311625 (base 9) in base 11?
-44a261
What is b040c (base 14) in base 7?
3412215
-10110011000100011 (base 2) to base 8
-263043
-11001031 (base 4) to base 8
-50115
Convert -21121212020200 (base 3) to base 13.
-abb415
Convert 41104 (base 5) to base 3.
10122022
What is -9c13 (base 14) in base 2?
-110100110111001
Convert 11320132232 (base 5) to base 4.
301302210200
-63513005 (base 7) to base 10
-5381675
What is 8397 (base 10) in base 7?
33324
Convert -14252144 (base 6) to base 7.
-4104625
Convert 1441004114 (base 5) to base 12.
1354850
-23463401 (base 7) to base 11
-11a29aa
24501422 (base 8) to base 7
63651216
-1320001230 (base 5) to base 14
-615c08
Convert -1542470 (base 9) to base 6.
-30153143
What is 2428 (base 16) in base 14?
3532
What is -1050543 (base 6) in base 3?
-2201011200
-12122122220 (base 3) to base 10
-111291
485448 (base 9) to base 2
1000111011101011001
Convert 143310144 (base 5) to base 13.
207c44
Convert -102260536 (base 7) to base 2.
-10111000100101010000111
-387217 (base 16) to base 14
-6c4183
80ba32 (base 13) to base 5
1231334432
Convert 20122010202001 (base 3) to base 14.
67ada1
Convert -7082356 (base 10) to base 3.
-111022211011111
Convert 30615475 (base 9) to base 2.
111000001000001111000111
Convert 1b177 (base 16) to base 5.
12022332
Convert -127025 (base 10) to base 12.
-61615
What is 293a66 (base 12) in base 6?
22451010
Convert 20433315 (base 8) to base 10.
4339405
Convert -94066 (base 12) to base 14.
-507b8
-3b09b (base 15) to base 5
-22023041
Convert -210541 (base 6) to base 2.
-100001010011101
3f6db (base 16) to base 3
111012101100
Convert 614202 (base 8) to base 11.
129479
Convert -2bb48 (base 16) to base 13.
-63636
-735610 (base 16) to base 5
-3413334142
What is -11c17 (base 15) in base 13?
-1ca83
Convert -12330430 (base 5) to base 12.
-59a58
What is -a389b (base 13) in base 3?
-112220212002
What is 1001000010011 (base 2) in base 4?
1020103
Convert 8e57c5 (base 15) to base 13.
15422a5
Convert 533888 (base 9) to base 10.
317843
What is 1324023200 (base 5) in base 2?
1100110000110000010001
Convert -2a4998 (base 11) to base 7.
-4015635
What is 57736 (base 15) in base 5?
32402001
1114040 (base 5) to base 11
13a47
Convert -33714314 (base 8) to base 3.
-111202120101112
What is -178887 (base 15) in base 5?
-243031202
What is -130002102 (base 4) in base 11?
-79305
Convert 12001233020 (base 4) to base 3.
2222021022122
Convert 348828 (base 11) to base 9.
1033057
Convert -22561572 (base 9) to base 14.
-1655bdc
-67b357 (base 12) to base 6
-55310151
Convert -41303403 (base 6) to base 14.
-22dc15
112dc (base 15) to base 10
54657
Convert 2a353 (base 12) to base 4.
32131233
Convert -234435 (base 6) to base 9.
-31065
What is 122002102222 (base 3) in base 14?
8a840
What is -14c1742 (base 14) in base 13?
-2143165
What is 7611a4 (base 14) in base 16?
3d028c
-133320132 (base 4) to base 7
-1052505
Convert 1211221000 (base 3) to base 8.
107054
56337262 (base 8) to base 14
188c306
What is 130304144 (base 6) in base 9?
4706241
60525623 (base 7) to base 11
2927786
What is 1510b (base 14) in base 13?
1aa95